(f) = f**3 - 12*f**2 - 10*f. What is s(13)?
39
Let o(j) = 2*j + 14. Determine o(-11).
-8
Let n(b) = 4*b - 65. What is n(24)?
31
Let i(s) = -s - 6. Calculate i(0).
-6
Let m(z) = z**3 + 4*z**2 - 30*z + 5. Give m(4).
13
Let p(v) = 2*v - 37. What is p(6)?
-25
Let l(s) = 3*s**2 - 8*s - 56. What is l(-4)?
24
Let q(a) = a**3 - 12*a**2 - 7*a + 14. Give q(12).
-70
Let z(q) = 2*q**3 - 5*q**2 + 4*q + 1. Determine z(2).
5
Let z(u) = -2*u**2 - 39*u + 5. Give z(-16).
117
Let u(v) = 2*v - 1. What is u(4)?
7
Let k(q) = -110*q - 336. Give k(-3).
-6
Let z(v) = -7*v**2 + v. Determine z(-1).
-8
Let k(r) = r - 11. Determine k(-11).
-22
Let k(q) = q**3 - 6*q**2 + 10*q - 2. Determine k(4).
6
Let z(l) = -l**3 + l**2 + 2*l - 11. Determine z(0).
-11
Let a(l) = l**3 - l**2 + 3*l + 1. What is a(-3)?
-44
Let d(q) = q**3 + 2*q**2 - 28*q - 5. Determine d(5).
30
Let u(z) = -z + 15. Calculate u(8).
7
Let h(c) = c**2 - 2*c - 11. Give h(4).
-3
Let k(x) = -3*x**3 + 5*x**2 - 11*x + 4. Give k(2).
-22
Let n(a) = -5*a - 49. Determine n(-12).
11
Let w(z) = -8*z**2 - 2*z + 3. Give w(1).
-7
Let x(v) = -16*v - 57. Calculate x(-5).
23
Let a(y) = 29*y - 207. Give a(7).
-4
Let q(a) = -32*a + 1. Give q(1).
-31
Let k(o) = -o - 1. What is k(-8)?
7
Let p(b) = b**3 + 23*b**2 - b - 29. Calculate p(-23).
-6
Let h(n) = -2*n - 23. Calculate h(-14).
5
Let j(g) = 2*g - 6. Give j(2).
-2
Let d(r) = 67*r**2 + 4*r - 5. What is d(1)?
66
Let b(q) = -2*q**2 + 6*q + 40. Calculate b(-5).
-40
Let w(g) = -34*g**2 - 2*g - 1. Determine w(-1).
-33
Let k(d) = d**3 + 14*d**2 - 19*d - 16. Give k(-15).
44
Let r(y) = -y**2 - 7*y + 2. Calculate r(-8).
-6
Let p(u) = -u**2 - u - 23. Give p(-6).
-53
Let r(j) = j**3 + 24*j**2 + 25*j - 36. Give r(-23).
-82
Let y(f) = -33*f - 33. Calculate y(-6).
165
Let t(r) = r**2 - 6*r - 1. Calculate t(6).
-1
Let b(n) = n**2 - 13*n - 7. What is b(15)?
23
Let u(n) = -14*n - 55. Calculate u(-4).
1
Let u(j) = -j**3 - 17*j**2 + 16*j - 9. Determine u(-18).
27
Let j(y) = -2*y + 40. Give j(17).
6
Let y(n) = n**2 - 2*n - 64. What is y(12)?
56
Let f(j) = j - 1. What is f(1)?
0
Let m(s) = s**3 + 67*s**2 + 130*s + 4. Calculate m(-65).
4
Let b(c) = -c**2 - 5*c - 10. What is b(-4)?
-6
Let a(w) = -w**3 + 9*w**2 + 2*w - 6. Determine a(9).
12
Let g(u) = -u**3 + 8*u**2 - 5*u + 8. What is g(7)?
22
Let k(t) = -t**3 + 9*t**2 + 13. Determine k(9).
13
Let l(m) = m**3 - 4*m**2 + 14*m. Calculate l(5).
95
Let i(k) = k**3 - 25*k**2 - 16*k - 270. What is i(26)?
-10
Let t(g) = -73*g - 5. Calculate t(0).
-5
Let f(g) = 9*g + 2. Calculate f(-7).
-61
Let d(h) = -5*h**3 - 2*h**2 - h - 3. Determine d(-2).
31
Let a(f) = -3*f**2 + 59*f - 66. Give a(19).
-28
Let t(j) = -j**2 - 15*j - 2. Give t(-9).
52
Let n(i) = i**3 + 10*i**2 - 34*i + 55. Determine n(-13).
-10
Let k(b) = -b**3 - 10*b**2 + 4*b + 21. What is k(-10)?
-19
Let i(w) = -21*w + 9. Determine i(-1).
30
Let h(x) = -4*x + 23. What is h(-7)?
51
Let j(a) = -a**2 - 8*a + 13. Determine j(4).
-35
Let g(y) = y**2 - 13*y + 8. Calculate g(11).
-14
Let s(z) = -z**3 - 34*z**2 + 71*z - 30. Calculate s(-36).
6
Let y(r) = -4*r**3 - 47*r**2 + 17*r + 59. Determine y(-12).
-1
Let x(h) = 4*h + 74. Give x(-18).
2
Let l(b) = -4*b + 23. Determine l(9).
-13
Let l(m) = 33*m**3 + 2*m - 2. Calculate l(1).
33
Let k(g) = -6*g**3 - 3*g**2 - 2*g - 4. What is k(-2)?
36
Let x(r) = -r**2 + 22*r + 174. Determine x(-6).
6
Let f(p) = 70*p - 2. What is f(1)?
68
Let s(m) = 2*m. Calculate s(-4).
-8
Let h(b) = -b**2 - b + 13. Give h(4).
-7
Let t(h) = 86*h + 429. Determine t(-5).
-1
Let x(r) = -r**3 - 15*r**2 + 17*r + 21. Determine x(-16).
5
Let i(x) = -x**2 + 6*x - 3. What is i(10)?
-43
Let z(y) = -y**3 + 3*y**2 + 4*y + 4. What is z(4)?
4
Let v(i) = i + 12. Give v(-5).
7
Let g(q) = -q**2 + 2*q + 52. Determine g(15).
-143
Let i(z) = -2*z**2 - 25*z + 164. Determine i(5).
-11
Let p(c) = -c**3 - 13*c**2 - 10*c + 3. Give p(-12).
-21
Let d(a) = a**2 + 11*a + 4. What is d(-9)?
-14
Let p(i) = -i**2 - 13*i - 24. What is p(-3)?
6
Let j(o) = 10*o + 90. Determine j(-8).
10
Let j(h) = -h**3 - 2*h**2 + 5*h + 6. What is j(-3)?
0
Let o(q) = -q**3 - 8*q**2 - 2*q - 4. Determine o(-8).
12
Let i(m) = -m**2 - 13*m + 226. Determine i(-23).
-4
Let x(b) = -b**3 - 3*b**2 + 5*b - 7. What is x(-5)?
18
Let b(p) = p**3 + 27*p**2 + 2*p + 39. Give b(-27).
-15
Let l(j) = j**3 - 5*j**2 - 13*j - 6. What is l(7)?
1
Let m(w) = -w**2 - 152*w + 312. Calculate m(2).
4
Let t(z) = z**3 + 12*z**2 + 7*z - 6. Give t(-11).
38
Let o(t) = t**2 + t - 43. Give o(6).
-1
Let x(f) = f**3 - 2*f**2 + 2*f - 6. Calculate x(3).
9
Let o(q) = q**3 + 6*q**2 - 9*q - 9. Determine o(-7).
5
Let p(c) = c**3 + 32*c**2 + 58*c - 56. Give p(-30).
4
Let t(m) = -m**2 - 6*m - 1. Calculate t(-5).
4
Let m(b) = 4*b + 4. Give m(5).
24
Let n(c) = -5*c - 63. Give n(-9).
-18
Let f(q) = 5*q**3 + 24*q**2 - 8*q - 12. What is f(-5)?
3
Let h(u) = -2*u**2 + 2*u + 42. Determine h(5).
2
Let a(k) = -2*k**2 - 21*k + 3. What is a(0)?
3
Let m(y) = y**3 - 4*y**2 + y - 4. Determine m(3).
-10
Let d(a) = a**3 + 19*a**2 + 19*a + 13. Determine d(-18).
-5
Let t(c) = c**3 - 3*c**2 - 11*c - 1. Give t(6).
41
Let s(z) = -8*z + 46. What is s(7)?
-10
Let q(u) = u**3 + 4*u**2 + 6*u - 6. Calculate q(-7).
-195
Let s(h) = 13*h - 2. Calculate s(3).
37
Let g(m) = -2*m**3 - 79*m**2 + 40*m - 2. Give g(-40).
-2
Let t(w) = 2*w**3 + 9*w**2 - w + 13. What is t(-5)?
-7
Let f(n) = -n**2 + 13*n - 13. What is f(12)?
-1
Let v(g) = -10*g + 50. Determine v(11).
-60
Let w(o) = 19*o + 149. Determine w(-8).
-3
Let a(h) = h**3 + 7*h**2 + 13*h + 17. Give a(-4).
13
Let k(u) = -u**3 + 15*u**2 - 17*u + 60. Give k(14).
18
Let i(o) = 7*o**2 + 6*o + 4. What is i(-2)?
20
Let c(i) = 22*i - 132. Determine c(6).
0
Let b(n) = -2*n**3 - 12*n**2 - n - 5. What is b(-6)?
1
Let f(t) = -t**2 + 4*t - 10. Determine f(8).
-42
Let n(a) = -7*a + 82. Give n(11).
5
Let o(m) = 6*m + 3. Determine o(3).
21
Let g(z) = -6*z - 24. Calculate g(-4).
0
Let i(u) = u**2 - 19*u + 76. Give i(10).
-14
Let m(a) = -a**3 + 5*a**2 - a - 4. Give m(3).
11
Let i(y) = -20*y + 1. Calculate i(-2).
41
Let p(q) = -3*q + 20. Calculate p(5).
5
Let z(c) = -5*c**3 + 4*c**2 + 3*c. Determine z(-1).
6
Let m(o) = o**2 - 10*o - 32. Determine m(13).
7
Let w(c) = 3*c**3 + 23*c**2 - 6*c + 14. Determine w(-8).
-2
Let b(f) = 4*f**2 + 4*f. What is b(-4)?
48
Let g(s) = 2*s**3 + s**2 - 3*s - 1. Determine g(-2).
-7
Let o(f) = f**3 + 6*f**2. Calculate o(-6).
0
Let y(f) = -4*f - 31. Give y(-2).
-23
Let i(z) = 17*z + 30. Give i(-2).
-4
Let q(a) = a**2 - a - 16. Give q(0).
-16
Let u(k) = -4*k**2 + 3. Determine u(2).
-13
Let w(i) = 3*i**2 - 11*i - 28. What is w(-2)?
6
Let s(i) = 3*i + 20. Calculate s(-9).
-7
Let v(w) = -w**3 - w - 15. Calculate v(0).
-15
Let u(k) = -k**3 + 12*k**2 - 12*k - 2. Calculate u(11).
-13
Let c(t) = t**3 - 9*t**2 + 56. Give c(8).
-8
Let a(z) = -z**2 - 9*z + 8. Give a(-10).
-2
Let f(x) = -x + 7. Calculate f(1).
6
Let f(k) = 23*k + 42. What is f(-2)?
-4
Let w(a) = 3*a**2 + 3*a - 4. Give w(-4).
32
Let h(u) = -30*u - 24. Calculate h(-1).
6
Let f(u) = u**3 + 7*u**2 - 11*u + 18. What is f(-9)?
-45
Let k(b) = -2*b**2 - 3*b - 5. Calculate k(-2).
-7
Let t(j) = -j**3 + j**2 + 2*j + 7. Calculate t(-2).
15
Let s(b) = -b + 23. Calculate s(24).
-1
Let d(z) = -3*z**2 + 15*z + 14. Determine d(6).
-4
Let j(i) = i**2 + 8*i - 3. Calculate j(-6).
-15
Let a(t) = -4*t**2 + 8*t - 5. Determine a(3).
-17
Let s(h) = -97*h + 2. Give s(1).
-95
Let j(l) = 2*l**2 - l + 2. Calculate j(2).
8
Let f(z) = -z**3 - 5*z**2 + 7*z - 3. Calculate f(-6).
-9
Let z(n) = -n**3 - 3*n**2 + 3*n + 8. What is z(0)?
8
Let o(q) = 12*q. Give o(-2).
-24
Let z(p) = -p**3 + 12*p**2 - 32*p + 49. What is z(9)?
4
Let g(n) = -2*n**2 - 4*n + 17. Give g(-5).
-13
Let i(z) = -z**3 - z**2 + 3*z + 3. Give i(2).
-3
Let w(h) = h**2 - 5*h - 7. Determine w(8).
17
Let x(t) = -3*t + 3. What is x(-2)?
9
Let a(i) = -i - 5. Determine a(-8).
3
Let b(a) = -a**3 + 5*a**2 - 7*a + 1. Determine b(3).
-2
Let m(r) = -r**3 + 7*r**2 - 11*r - 5. What is m(6)?
-35
Let x(o) = -o**2 - 25. Determine x(0).
-25
Let o(v) = -v**3 - 6*v**2 - v + 3. What is o(-4)?
-25
Let x(c) = -c**3 + 11*c**2 - 6. Determine x(11).
-6
Let y(v) = v - 11. Calculate y(4).
-7
Let u(d) = d**3 + 10*d**2 - 9*d + 27. Determine u(-11).
5
Let d(g) = g**2 - 8*g + 13. Determine d(8).
13
Let o(d) 